{"id":621,"date":"2024-01-04T18:28:56","date_gmt":"2024-01-04T17:28:56","guid":{"rendered":"https:\/\/www.lacuveedesmimis.fr\/?post_type=product&#038;p=621"},"modified":"2026-01-08T16:33:01","modified_gmt":"2026-01-08T15:33:01","slug":"au-ptit-coing","status":"publish","type":"product","link":"https:\/\/www.lacuveedesmimis.fr\/index.php\/produit\/au-ptit-coing","title":{"rendered":"1 Au p&rsquo;tit Coing (Coing, clous de Girofle et Cannelle)"},"content":{"rendered":"<p>Nouveaut\u00e9 pour ce d\u00e9but d&rsquo;ann\u00e9e 2024.<\/p>\n<p>Au ptit coing, une bi\u00e8re blanche \u00e0 base de coing, de clous de Girofle et de Cannelle.<\/p>\n<p>Une bi\u00e8re qui sort vraiment de l&rsquo;ordinaire.<\/p>\n<p>Attention bi\u00e8re \u00e9ph\u00e9m\u00e8re, \u00e9dition limit\u00e9.<\/p>\n<p>Alcool:6%<\/p>\n<p>IBU:20<\/p>\n","protected":false},"excerpt":{"rendered":"<p>Nouveaut\u00e9 pour ce d\u00e9but d&rsquo;ann\u00e9e 2024.<\/p>\n<p>Au ptit coing, une bi\u00e8re blanche \u00e0 base de coing, de clous de Girofle et de Cannelle.<\/p>\n","protected":false},"featured_media":622,"comment_status":"open","ping_status":"closed","template":"","meta":[],"product_brand":[],"product_cat":[17],"product_tag":[],"class_list":{"0":"post-621","1":"product","2":"type-product","3":"status-publish","4":"has-post-thumbnail","6":"product_cat-biere-aux-fruits","8":"first","9":"instock","10":"shipping-taxable","11":"purchasable","12":"product-type-simple"},"jetpack_sharing_enabled":true,"_links":{"self":[{"href":"https:\/\/www.lacuveedesmimis.fr\/index.php\/wp-json\/wp\/v2\/product\/621","targetHints":{"allow":["GET"]}}],"collection":[{"href":"https:\/\/www.lacuveedesmimis.fr\/index.php\/wp-json\/wp\/v2\/product"}],"about":[{"href":"https:\/\/www.lacuveedesmimis.fr\/index.php\/wp-json\/wp\/v2\/types\/product"}],"replies":[{"embeddable":true,"href":"https:\/\/www.lacuveedesmimis.fr\/index.php\/wp-json\/wp\/v2\/comments?post=621"}],"wp:featuredmedia":[{"embeddable":true,"href":"https:\/\/www.lacuveedesmimis.fr\/index.php\/wp-json\/wp\/v2\/media\/622"}],"wp:attachment":[{"href":"https:\/\/www.lacuveedesmimis.fr\/index.php\/wp-json\/wp\/v2\/media?parent=621"}],"wp:term":[{"taxonomy":"product_brand","embeddable":true,"href":"https:\/\/www.lacuveedesmimis.fr\/index.php\/wp-json\/wp\/v2\/product_brand?post=621"},{"taxonomy":"product_cat","embeddable":true,"href":"https:\/\/www.lacuveedesmimis.fr\/index.php\/wp-json\/wp\/v2\/product_cat?post=621"},{"taxonomy":"product_tag","embeddable":true,"href":"https:\/\/www.lacuveedesmimis.fr\/index.php\/wp-json\/wp\/v2\/product_tag?post=621"}],"curies":[{"name":"wp","href":"https:\/\/api.w.org\/{rel}","templated":true}]}}