{"id":190,"date":"2022-01-09T20:09:14","date_gmt":"2022-01-09T19:09:14","guid":{"rendered":"https:\/\/www.lacuveedesmimis.fr\/?page_id=190"},"modified":"2024-09-13T18:56:03","modified_gmt":"2024-09-13T16:56:03","slug":"consignes","status":"publish","type":"page","link":"https:\/\/www.lacuveedesmimis.fr\/index.php\/consignes","title":{"rendered":"Consignes"},"content":{"rendered":"\n<blockquote class=\"wp-block-quote is-layout-flow wp-block-quote-is-layout-flow\">\n<p>Pour des raisons \u00e9cologiques, nos bouteilles sont consign\u00e9es.<\/p>\n\n\n\n<p>Une consigne de 10 centimes est comprise dans le prix de chaque bouteille.<\/p>\n\n\n\n<p>Cette consigne vous sera d\u00e9duite, en cas de retour, sur votre prochain achat.<\/p>\n\n\n\n<p>Les bouteilles doivent \u00eatre ramen\u00e9es en boutique.<\/p>\n\n\n\n<p>Il est demand\u00e9 que les bouteilles soient rinc\u00e9es, apr\u00e8s utilisation pour faciliter le nettoyage.<\/p>\n\n\n\n<p>Toutes bouteilles sales ne sera pas reprises.<\/p>\n\n\n\n<p><\/p>\n<\/blockquote>\n","protected":false},"excerpt":{"rendered":"<p>Pour des raisons \u00e9cologiques, nos bouteilles sont consign\u00e9es. Une consigne de 10 centimes est comprise dans le prix de chaque bouteille. Cette consigne vous sera d\u00e9duite, en cas de retour, sur votre prochain achat. Les bouteilles doivent \u00eatre ramen\u00e9es en boutique. Il est demand\u00e9 que les bouteilles soient rinc\u00e9es, apr\u00e8s utilisation pour faciliter le nettoyage. Toutes bouteilles sales ne sera pas reprises.<\/p>\n","protected":false},"author":2,"featured_media":0,"parent":0,"menu_order":0,"comment_status":"closed","ping_status":"closed","template":"","meta":{"footnotes":""},"class_list":["post-190","page","type-page","status-publish","hentry"],"jetpack_sharing_enabled":true,"_links":{"self":[{"href":"https:\/\/www.lacuveedesmimis.fr\/index.php\/wp-json\/wp\/v2\/pages\/190","targetHints":{"allow":["GET"]}}],"collection":[{"href":"https:\/\/www.lacuveedesmimis.fr\/index.php\/wp-json\/wp\/v2\/pages"}],"about":[{"href":"https:\/\/www.lacuveedesmimis.fr\/index.php\/wp-json\/wp\/v2\/types\/page"}],"author":[{"embeddable":true,"href":"https:\/\/www.lacuveedesmimis.fr\/index.php\/wp-json\/wp\/v2\/users\/2"}],"replies":[{"embeddable":true,"href":"https:\/\/www.lacuveedesmimis.fr\/index.php\/wp-json\/wp\/v2\/comments?post=190"}],"version-history":[{"count":7,"href":"https:\/\/www.lacuveedesmimis.fr\/index.php\/wp-json\/wp\/v2\/pages\/190\/revisions"}],"predecessor-version":[{"id":767,"href":"https:\/\/www.lacuveedesmimis.fr\/index.php\/wp-json\/wp\/v2\/pages\/190\/revisions\/767"}],"wp:attachment":[{"href":"https:\/\/www.lacuveedesmimis.fr\/index.php\/wp-json\/wp\/v2\/media?parent=190"}],"curies":[{"name":"wp","href":"https:\/\/api.w.org\/{rel}","templated":true}]}}